st common divisor of s and 66.
6
Let u = 739 - 719. What is the highest common divisor of 230 and u?
10
Suppose 2*w + 2*w - 32 = 0. Let f = -12 + w. Let g(a) = -5*a - 5. Let z be g(f). What is the greatest common factor of z and 165?
15
Let i(x) = x**2 - x - 7. Let h be i(7). Suppose 71*s = 80*s - 45. Calculate the greatest common divisor of s and h.
5
Suppose 6 = -3*o + 18. Suppose -3*u + u + 12 = -o*l, -3*l + 4 = 5*u. Let m be l/(-9) - 50/(-18). What is the highest common factor of 6 and m?
3
Let p(d) = 11*d - 29. Let n be p(3). Let c(v) = 2*v - 3. Let j = 7 - 5. Let i be c(j). Calculate the highest common divisor of n and i.
1
Suppose 0 = j - z - 3, -33 = -5*j - 4*z. Suppose -j*o - 24 + 89 = 0. Suppose -1 - o = -m. Calculate the highest common divisor of m and 21.
7
Let d(g) = g**3 - 10*g**2 - 10*g - 16. Let h be d(12). Suppose 0 = -4*l - 4, 3*r - h = 2*l - 6. What is the highest common factor of 6 and r?
6
Suppose -151 = -3*t - 5*o, t + o = 3*o + 54. Let z be ((-8)/12)/((-1)/(117/6)). What is the highest common divisor of t and z?
13
Suppose 0 = -y - 5*t - 13, t = -2 - 0. Let m be 5/y*126/(-35). Suppose r - 30 = -r. Calculate the highest common factor of m and r.
3
Let q(k) = -k**3 + 6*k**2 - 4*k + 12. Let a be q(5). Let v = a + 13. Calculate the highest common factor of 10 and v.
10
Let b be (-2*(-33)/(-8))/(21/(-252)). Calculate the highest common divisor of b and 9.
9
Let f be 56/12*(-30)/(-7). Let p be 16/(-10)*5/(-2). Let j be (-322)/(-4) + (-2)/p. What is the greatest common divisor of j and f?
20
Let h = -592 - -642. What is the highest common factor of 30 and h?
10
Let d be (-34)/(-119) + (-47)/(-7). What is the highest common divisor of d and 1792?
7
Let n = 594 - 132. Calculate the highest common factor of n and 66.
66
Suppose 2*q - 33 = q. Let x = 53 - q. What is the highest common divisor of x and 30?
10
Suppose 1 + 9 = -5*r, 5*c - 82 = r. Let f be -3 - -5 - -1 - 218/(-2). Calculate the greatest common factor of f and c.
16
Suppose -13 = -6*f + 5. Suppose -c + 0*r + 3 = -5*r, 2*r + f = c. What is the greatest common factor of 33 and c?
3
Suppose -6*a = 3*n - a - 1572, -3*a + 2636 = 5*n. What is the greatest common factor of n and 23?
23
Let r = 2082 + -111. What is the highest common factor of 27 and r?
27
Let w(d) = d**3 + d**2 - 3*d + 3. Let t be w(1). Suppose -2*v + 49 = -3*z + 4*z, -t*z = 5*v - 100. What is the highest common divisor of z and 45?
45
Let r(i) = i**3 + 6*i**2 + 8*i + 6. Let g be r(-3). What is the highest common factor of g and 15?
3
Let g = 8 - 14. Let r = 2 - g. Let z be 1 + -3 + r + -1. Calculate the highest common factor of z and 2.
1
Let p be (2 - 0)/((-98660)/(-12330) - 8). What is the greatest common divisor of 274 and p?
137
Let k be -1*(-2 - 1) - 8. Let b = 6 + k. Let x be (3 + -5 - b) + 19. Calculate the highest common divisor of x and 176.
16
Let q = -55 + 78. Suppose -2*v = v. Suppose 3*m = -5*b + 245, 2*m - 9 - 1 = v. Calculate the highest common factor of q and b.
23
Let s be (-110)/(-9) + (-50)/225. What is the highest common factor of s and 16?
4
Let q be 1 + (-676)/(-20) + 1/5. Calculate the highest common factor of 945 and q.
35
Let v(l) = -3*l**2 + 157*l - 42. Let t be v(41). Calculate the highest common divisor of 8 and t.
8
Let s = -161 - -221. What is the greatest common divisor of 270 and s?
30
Let b = 135 - 132. Suppose 2*w - 16 = 8. Calculate the highest common factor of w and b.
3
Let y(r) = r**3 - 26*r**2 + 24*r + 103. Let v be y(25). Calculate the greatest common divisor of 104 and v.
26
Suppose m = -16 - 12. Let u be (-2)/3 + m/3. Let v be (12/8)/((-3)/u). What is the greatest common divisor of 20 and v?
5
Let a(j) = 7*j - 307. Let m be a(47). What is the greatest common factor of m and 143?
11
Let u(f) = 15*f**2 + 22*f - 81. Let t be u(3). Calculate the highest common divisor of 384 and t.
24
Suppose 3*w - 4*g = 2923, -5*w + g + 1309 + 3540 = 0. What is the greatest common divisor of 153 and w?
51
Let l(q) = -13*q - 9. Let s be l(-11). Let f = 203 - s. Suppose -96*a + 138 = -90*a. What is the highest common factor of a and f?
23
Let h = -2508 + 3820. Calculate the highest common divisor of h and 32.
32
Let a be (-8)/(2 - (-21)/(-10)). Let k = 98 - 93. Let t be (8/k)/((-14)/(-140)). What is the highest common factor of t and a?
16
Let v be (-3)/15 - (-122)/10. Let a(n) = -5*n**3 + n**2 + n + 1. Let s be a(-1). Let r = s + v. Calculate the greatest common divisor of r and 126.
18
Let d = -228 + 281. Calculate the highest common divisor of 1007 and d.
53
Let p(n) = -2*n**2 - 22*n + 15. Let t be p(-9). What is the greatest common factor of t and 17?
17
Suppose 5*z - 2*k - 20 = 2*k, -k = -2*z + 11. Suppose -3*d = 5*f - 162, 2*d + 220*f - 218*f - 116 = 0. Calculate the highest common factor of d and z.
8
Let x be ((173 - -3) + 0)*1. Let d be x/18 + -1 + (-6)/(-27). Let g = 31 - 13. Calculate the greatest common divisor of g and d.
9
Suppose -19 = -25*a + 331. Suppose 14 = -2*o + 2. Let j be 309/2 - o/(-12). Calculate the highest common factor of j and a.
14
Suppose -83 = -14*n + 29. Calculate the highest common divisor of n and 344.
8
Suppose 13*c + 6 = 14*c. Let g be ((-8)/(-3))/(-2)*(0 - c). What is the highest common factor of g and 64?
8
Suppose -9 = o + 3. Let n be 1475/30 - (-2)/o. Calculate the highest common divisor of 21 and n.
7
Let h(z) = z**2 - 11*z - 14. Let x be h(13). Let n be ((-3)/4)/(x/(-48)). Suppose -n*t = -2*t - 76. Calculate the highest common divisor of 19 and t.
19
Let a = -3 - 4. Let c(u) = -u**2 - 7*u + 24. Let g be c(a). What is the greatest common divisor of g and 96?
24
Let c = 30 - 15. Let q be 30/(-12)*1/((-7)/462). What is the highest common factor of q and c?
15
Let h = -13 - -29. Let d be 1 + (-8)/(h/(-30)). Let l(s) = 2*s - 4. Let f be l(d). What is the highest common factor of f and 252?
28
Suppose 0 = f + 5*d - 22, 3*f - 6 = -3*d + 12. Let u be -3 - 216/((-4)/f). Suppose q + u = 6*q. Calculate the highest common divisor of q and 14.
7
Suppose -5*d + 17 = -4*p, -d - 10 = -3*d. Suppose o + p*w = 0, -w - 2 = w. What is the greatest common divisor of o and 5?
1
Let n = 2595 - -464. What is the greatest common factor of 19 and n?
19
Let q = -39 + 36. Let k(w) = 22*w**2 + 2*w. Let c be k(q). Suppose 0*n + 120 = 5*n. Calculate the highest common factor of n and c.
24
Let l(f) = -4*f + 37. Let g be l(8). What is the highest common factor of 5 and g?
5
Let b be (-4)/42 + (-65)/(-21). Calculate the highest common factor of 33 and b.
3
Suppose -2*x + 22 - 4 = 0. Let h be (-4)/(-12) + 15/x. Let p be 60*(6/2 - h). What is the highest common divisor of p and 12?
12
Suppose -2*g = 5*t - 168, -75 - 77 = -2*g - t. Suppose 165 + 168 = 3*u. Calculate the highest common divisor of u and g.
37
Suppose n - 1816 = -3*z, 2*z - n = -184 + 1393. Calculate the highest common factor of 55 and z.
55
Let a(o) = -o**3 - 57*o**2 - 59*o - 157. Let k be a(-56). What is the greatest common factor of k and 352?
11
Suppose y + 3 = -5. Let l = y - -22. Let p be ((-112)/10)/((-7)/35). Calculate the greatest common divisor of l and p.
14
Let m be (-1)/1*(-12 + 13). Let k be m - 0 - (-104)/13. Calculate the greatest common divisor of k and 21.
7
Suppose r = 5*x + 235 + 164, 0 = -4*x + 12. Calculate the highest common divisor of 18 and r.
18
Let c(f) = -20*f**3 - f**2 + 2*f - 1. Let j be c(1). Let y = 25 + j. What is the greatest common divisor of y and 45?
5
Suppose 0 = -3*r - 4*k + 89, -2*k - 21 = -r + 22. Let u(g) = -g**2 + 9*g - 4. Let p be u(7). Calculate the greatest common divisor of r and p.
5
Let w(a) = -16*a + 130. Let q be w(8). Let m be 14*(1/(-2) + 1). Let k = m - 3. What is the highest common divisor of k and q?
2
Suppose 2*q + 5*a - 25 = 0, -8*a = -2*q + 172 - 56. Let t = -18 - -36. Let l be (0 - (-4)/6)*t. Calculate the highest common factor of q and l.
6
Let i be 14/(-1 - 33/(-27)). Let o be (12/14)/((-9)/i). Let d = 15 + o. What is the greatest common divisor of d and 72?
9
Let t(j) = -j - 12. Let o be t(-6). Suppose 243 = -21*p + 12. Let h = o - p. What is the highest common factor of h and 5?
5
Let l = -28 + 61. Suppose i - 665 - 787 = -21*i. What is the highest common divisor of i and l?
33
Let l(p) = 24*p - 36. Let v be l(7). Calculate the greatest common divisor 